
5
Let h(y) = y**3 + 5*y**2 - 8*y. Let x be h(-6). Let u = x + -10. Suppose i + 3*j = 4, -6*i = -3*i - 5*j - 68. Calculate the highest common factor of i and u.
2
Let s be (-24)/2*(-1 - -2). Let o be -4*(135/s)/5. Let w = -132 + 231. Calculate the greatest common divisor of o and w.
9
Suppose 4*o - 3 - 5 = 0. Calculate the greatest common divisor of o and 1.
1
Suppose -2*m = 16*m - 342. Calculate the greatest common divisor of m and 57.
19
Suppose 3*c + 30 = -2*c. Let t = c + 11. Suppose 0 = -4*o + t*u + 140, 0*o - 5*o + 212 = 3*u. Calculate the greatest common factor of 100 and o.
20
Let n = -9 - -3. Let z(m) be the first derivative of m**3/3 + 5*m**2/2 - m - 1. Let f be z(n). What is the greatest common factor of f and 45?
5
Let d(j) = -j**3 - 4*j**2 + 6*j + 5. Let h be d(-5). Suppose 4*c - 112 = -h*c. Calculate the highest common divisor of 308 and c.
28
Let v be (5 - 0)*24/(-10). Let x be v/10*(-140)/21. What is the highest common divisor of 56 and x?
8
Let j be 1/(-3) - (-7)/3. Let r be 2 + (3 - j - -11). What is the greatest common divisor of r and 56?
14
Let v(c) = -c**2 + c + 2. Let t be v(-1). Suppose 5*z - 25 = -2*r - 0*r, t = 2*r + 4*z - 28. What is the highest common divisor of 10 and r?
10
Let q = 3 - 4. Let g = q + 6. Suppose g*d - 61 = -1. Calculate the greatest common divisor of d and 30.
6
Let x be 2/10 - (-582)/15. What is the greatest common factor of x and 26?
13
Let p = 1 + -3. Let t be 570/(-20)*p/3. Calculate the greatest common divisor of t and 19.
19
Suppose 83 - 41 = 2*u. What is the greatest common factor of u and 168?
21
Let i be 16/6*27/2*1. Calculate the greatest common divisor of i and 90.
18
Let z be (-6)/8 - 31/(-4). Calculate the highest common divisor of 1 and z.
1
Suppose -3*s + 38 + 7 = 0. What is the highest common factor of s and 135?
15
Suppose 328 = 10*r - 2*r. What is the highest common factor of r and 287?
41
Suppose -2*r - 16 = -3*r. Let h be -1*1 + (-1053)/(-13). Calculate the greatest common factor of r and h.
16
Let g(j) = -187*j**3 + j**2 + 2*j + 1. Let m be g(-1). Calculate the highest common factor of m and 17.
17
Let l = -65 + 73. What is the greatest common factor of l and 104?
8
Let j be 2 + 3/((-6)/(-326)). Let r = -17 - 0. Let v = -2 - r. Calculate the greatest common factor of j and v.
15
Let s = 9 - 21. Let p be (-8)/48 - 194/s. Calculate the highest common divisor of p and 48.
16
Suppose -c + 21 = -0. Let d be 32/6 - 8/(-12). Let v be c/(-2)*(-40)/d. What is the greatest common factor of v and 14?
14
Let y be 1 + -4 + 2 + 4. What is the highest common divisor of 24 and y?
3
Suppose -2*b - 4*i + 30 = -0*b, 0 = 2*b - 4*i - 14. Let r = b + 13. Suppose -4*a = 4*l - r, 0*l + 2*l = a + 21. What is the highest common divisor of 63 and l?
9
Let v = -27 + 37. Suppose 78 = 3*a - 12. What is the greatest common divisor of v and a?
10
Suppose 5*r - 4 = 16. Suppose 3*b - 5 - r = 0. Suppose -b*l - 27 + 69 = 0. What is the highest common divisor of 21 and l?
7
Let p(b) = b**3 - 5*b**2 + 4*b. Let x be p(4). Let k = 18 - x. What is the highest common factor of k and 144?
18
Let c(i) = -i**3 - 8*i**2 - 2*i - 2. Let s be c(-8). Let q be 102/s - 4/14. What is the highest common divisor of 21 and q?
7
Let r(x) = 20*x**2 - x. Let s be r(1). Let n be (8/20)/(2/(-30)). Let u be (0 + -19)/(n/6). Calculate the greatest common factor of s and u.
19
Let n = -9 + 31. Suppose -13 = -b + n. Calculate the greatest common factor of 5 and b.
5
Let u = -16 - -36. What is the greatest common divisor of u and 50?
10
Suppose 0 = 4*c + 3*q + q - 80, -5*c + q + 106 = 0. Let v = -16 + c. What is the greatest common divisor of v and 5?
5
Let u be (-12)/2*(-1)/3. Let v be ((-12)/18)/(u/(-3)). Suppose 4*f = -f + 55. Calculate the highest common factor of f and v.
1
Let a be (-6)/(-9) + 30/9. Let g(w) = w - 1. Let j be g(a). Suppose -j*m - 11 = -77. What is the greatest common divisor of m and 220?
22
Let n(s) = -s**3 + 6*s**2 + 5*s + 2. Let m be n(6). Suppose 5*i + 18 = 2*p, -2*i = -4*p + 2*i + 24. What is the greatest common divisor of m and p?
4
Let a be 3/2*(-8)/(-12). Suppose -2*i + i = -x - 6, 0 = 5*i + x - 24. What is the highest common divisor of i and a?
1
Let b be (2*(3 + -9))/(-2). Let i be (-35)/(-3) + 2/b. Calculate the greatest common factor of 12 and i.
12
Suppose -7*w - 140 = -392. Calculate the highest common factor of w and 54.
18
Let s be ((-174)/(-5))/(6/20). Let b(w) = w**2 + 3*w - 4. Let t be b(-5). Let h be s/16 + t/8. Calculate the highest common factor of 64 and h.
8
Let h(u) = -u**3 + 4*u**2 + 2*u + 4. Let c be h(4). Let z = c + 7. Calculate the greatest common factor of 19 and z.
19
Let k(o) = -o + 6. Let i be k(4). Suppose 4 = -j + i*j. Calculate the highest common divisor of 1 and j.
1
Suppose 0 = -12*k + 2*k + 160. Calculate the highest common factor of 4 and k.
4
Let p = 5 + -2. Let b be p/1 + (1 - -91). Calculate the greatest common divisor of 19 and b.
19
Let c(r) = -3*r**3 - 3*r**2 - 4*r + 4. Let d be c(-3). Calculate the greatest common divisor of 14 and d.
14
Suppose 4*m + 10 = 26. Let x(y) = y + 44. Let g be x(0). Calculate the greatest common factor of m and g.
4
Let m be 65/(-5)*-1*4. What is the greatest common divisor of 26 and m?
26
Let i(t) = t**2 + t + 15. Suppose 5*c - 3*c = 0. Let q be i(c). Suppose -5*s - q = 0, 2*s + 2*s - 48 = -5*h. What is the greatest common factor of 24 and h?
12
Suppose 24 = q - j, 2*q + 0*j - 3*j - 48 = 0. What is the highest common divisor of q and 8?
8
Suppose 2*u = 3 + 21. Let p(t) = -5*t**3 - 5*t**2 - 2*t. Let r be p(-3). Suppose 0 = -g - g + r. Calculate the highest common divisor of u and g.
12
Let b be (-1 - -1) + -1 - -2. Let m be 1/b*(16 - -1). Suppose 0 = -4*z + 91 + 181. Calculate the greatest common factor of z and m.
17
Suppose 57 = 2*w - 7. Let a = w - 13. What is the highest common divisor of 152 and a?
19
Suppose 2*x - 128 = -u - 2*u, 0 = -2*u - 5*x + 89. Calculate the highest common factor of u and 294.
42
Suppose -148 - 192 = -4*o. Suppose -3*f = 5*y - 110 - o, -y + 26 = -2*f. What is the highest common factor of y and 18?
18
Let a be 4830/24 - (-2)/(-8). Suppose 4*z = a - 9. What is the highest common divisor of 12 and z?
12
Suppose -d + 4 = -2*d, -4*s + 5*d + 120 = 0. Let i = -18 + s. What is the greatest common divisor of i and 77?
7
Suppose 4*d - 11 = 5. Suppose 3*b + d*m = 61, -m - 4*m = -2*b + 10. Calculate the greatest common factor of b and 75.
15
Let i(u) = u + 1 + 0 + u - 2. Let w be i(8). Suppose 2*v = -0*v + 30. Calculate the greatest common divisor of w and v.
15
Suppose 2*r - 242 = -44. Let m = 9 - 1. Let f(h) = -h + 17. Let z be f(m). Calculate the greatest common divisor of z and r.
9
Let i be ((-40)/52)/(-5) + 334/26. What is the highest common factor of 104 and i?
13
Suppose 0 = 3*b + 54 + 15. Let f = 39 + b. Calculate the highest common factor of 64 and f.
16
Let n be ((-29)/(-2))/((-3)/6). Let g = n + 41. What is the greatest common divisor of 3 and g?
3
Let m = 226 + -131. Suppose -s - c + m = 0, -6 = 2*c + c. Let o be (2 - (-9)/(-3)) + s. What is the highest common divisor of 12 and o?
12
Let n = 16 - 15. What is the highest common factor of n and 3?
1
Suppose -3*o = -4*o + 4. Let u be (o/(-12))/((-1)/12). What is the greatest common factor of u and 44?
4
Suppose 9*m + 5*m = 840. Calculate the highest common factor of 15 and m.
15
Suppose -8*r + 9*r = -4*q + 204, 0 = 3*q + 5*r - 136. Calculate the highest common factor of q and 130.
26
Let d be 2 - (-2)/(2 - 4). Let y be ((-8)/(-10))/(d/220). What is the greatest common divisor of 22 and y?
22
Let p = -2 - 3. Let o be 2 - (3 + p*5). What is the highest common factor of o and 96?
24
Let w be 1*0/(1*-3). Let m = 13 + w. Suppose 18 = -3*y + 57. Calculate the highest common factor of y and m.
13
Suppose -3*s = s + 8, 160 = 4*n - 4*s. Calculate the highest common divisor of 114 and n.
38
Let f be 2/(-4) + (-4)/8. Let i(o) = -o. Let r be i(f). Calculate the greatest common divisor of 8 and r.
1
Let r be (6 - 1)*(-32)/20. Let j be (-30)/r + (-1)/(-4). What is the highest common divisor of j and 20?
4
Suppose 0 = -4*t - 4*k + 8, -t - 4*k + 7 = 2. Calculate the greatest common factor of t and 8.
1
Let w(m) = -4*m. Let s be w(-1). Suppose 4 + 0 = s*r. Let h(i) = 22*i**3 - i + 